{"id":51,"date":"2017-11-04T00:10:08","date_gmt":"2017-11-03T22:10:08","guid":{"rendered":"http:\/\/demo.pinethemes.com\/redea\/demo1\/?page_id=51"},"modified":"2017-11-04T00:10:08","modified_gmt":"2017-11-03T22:10:08","slug":"iletisim","status":"publish","type":"page","link":"https:\/\/test.wptemalari.net\/redea\/iletisim\/","title":{"rendered":"\u0130leti\u015fim"},"content":{"rendered":"<p>Reklam ve di\u011fer konular i\u00e7in bizimle ileti\u015fime ge\u00e7ebilirsiniz, en k\u0131sa s\u00fcrede d\u00f6n\u00fc\u015f yapaca\u011f\u0131z.<br \/>\n<div role=\"form\" class=\"wpcf7\" id=\"wpcf7-f122-o1\" lang=\"tr-TR\" dir=\"ltr\">\n<div class=\"screen-reader-response\"><\/div>\n<form action=\"\/redea\/wp-json\/wp\/v2\/pages\/51#wpcf7-f122-o1\" method=\"post\" class=\"wpcf7-form comment-form\" novalidate=\"novalidate\">\n<div style=\"display: none;\">\n<input type=\"hidden\" name=\"_wpcf7\" value=\"122\" \/>\n<input type=\"hidden\" name=\"_wpcf7_version\" value=\"5.1.4\" \/>\n<input type=\"hidden\" name=\"_wpcf7_locale\" value=\"tr_TR\" \/>\n<input type=\"hidden\" name=\"_wpcf7_unit_tag\" value=\"wpcf7-f122-o1\" \/>\n<input type=\"hidden\" name=\"_wpcf7_container_post\" value=\"0\" \/>\n<\/div>\n<h2>ADI SOYADI*<\/h2>\n<p>    <span class=\"wpcf7-form-control-wrap name\"><input type=\"text\" name=\"name\" value=\"\" size=\"40\" class=\"wpcf7-form-control wpcf7-text wpcf7-validates-as-required input\" aria-required=\"true\" aria-invalid=\"false\" \/><\/span><\/p>\n<h2>E-MA\u0130L ADRES\u0130*<\/h2>\n<p>    <span class=\"wpcf7-form-control-wrap mail\"><input type=\"text\" name=\"mail\" value=\"\" size=\"40\" class=\"wpcf7-form-control wpcf7-text wpcf7-validates-as-required input\" aria-required=\"true\" aria-invalid=\"false\" \/><\/span><\/p>\n<h2>KONU*<\/h2>\n<p>    <span class=\"wpcf7-form-control-wrap subject\"><input type=\"text\" name=\"subject\" value=\"\" size=\"40\" class=\"wpcf7-form-control wpcf7-text wpcf7-validates-as-required input\" aria-required=\"true\" aria-invalid=\"false\" \/><\/span><\/p>\n<h2>MESAJ*<\/h2>\n<p>    <span class=\"wpcf7-form-control-wrap message\"><textarea name=\"message\" cols=\"40\" rows=\"10\" class=\"wpcf7-form-control wpcf7-textarea\" aria-invalid=\"false\"><\/textarea><\/span><\/p>\n<p><input type=\"submit\" value=\"G\u00d6NDER GELS\u0130N!\" class=\"wpcf7-form-control wpcf7-submit button\" \/><\/p>\n<div class=\"wpcf7-response-output wpcf7-display-none\"><\/div><\/form><\/div><\/p>\n","protected":false},"excerpt":{"rendered":"<p>Reklam ve di\u011fer konular i\u00e7in bizimle ileti\u015fime ge\u00e7ebilirsiniz, en k\u0131sa s\u00fcrede d\u00f6n\u00fc\u015f yapaca\u011f\u0131z.<\/p>\n","protected":false},"author":2,"featured_media":0,"parent":0,"menu_order":0,"comment_status":"closed","ping_status":"closed","template":"contact.php","meta":{"footnotes":""},"class_list":["post-51","page","type-page","status-publish","hentry"],"_links":{"self":[{"href":"https:\/\/test.wptemalari.net\/redea\/wp-json\/wp\/v2\/pages\/51","targetHints":{"allow":["GET"]}}],"collection":[{"href":"https:\/\/test.wptemalari.net\/redea\/wp-json\/wp\/v2\/pages"}],"about":[{"href":"https:\/\/test.wptemalari.net\/redea\/wp-json\/wp\/v2\/types\/page"}],"author":[{"embeddable":true,"href":"https:\/\/test.wptemalari.net\/redea\/wp-json\/wp\/v2\/users\/2"}],"replies":[{"embeddable":true,"href":"https:\/\/test.wptemalari.net\/redea\/wp-json\/wp\/v2\/comments?post=51"}],"version-history":[{"count":0,"href":"https:\/\/test.wptemalari.net\/redea\/wp-json\/wp\/v2\/pages\/51\/revisions"}],"wp:attachment":[{"href":"https:\/\/test.wptemalari.net\/redea\/wp-json\/wp\/v2\/media?parent=51"}],"curies":[{"name":"wp","href":"https:\/\/api.w.org\/{rel}","templated":true}]}}